{"id":51,"date":"2020-10-14T09:59:54","date_gmt":"2020-10-14T09:59:54","guid":{"rendered":"https:\/\/vs-waldzell.at\/?page_id=51"},"modified":"2026-02-06T09:03:46","modified_gmt":"2026-02-06T09:03:46","slug":"nachmittagsbetreuung","status":"publish","type":"page","link":"https:\/\/vs-waldzell.at\/?page_id=51","title":{"rendered":"Ganztagsschule"},"content":{"rendered":"\n<p>Die Ganztagsschule wird in diesem Schuljahr von Montag bis Donnerstag angeboten. Es ist m\u00f6glich, die Kinder auch nur tageweise zur Ganztagsschule anzumelden. Die GTS startet immer in der 2. Schulwoche und endet in der vorletzten Schulwoche.<\/p>\n\n\n\n<p><strong>Ablauf<\/strong>:<br>Die Ganztagsschule beginnt mit dem Unterrichtsende (11:30 oder 12:25 Uhr). Unsere Freizeitbetreuerin vom Hilfswerk beaufsichtigt die Kinder in dieser Zeit. Gemeinsam gehen dann alle Kinder in die Ausspeisung der MS zum Mittagessen.<br>In der Regel wird von 13:30 &#8211; 14:20 Uhr eine gegenstandsbezogene \u00dcbungsphase von einer Lehrperson betreut (schulstufen\u00fcbergreifend). Die Kinder bleiben in dieser Zeit im Klassenzimmer und m\u00fcssen sich, wenn sie fr\u00fcher fertig sind, still besch\u00e4ftigen: lesen, Lernw\u00f6rter \u00fcben, malen, 1&#215;1 wiederholen, &#8230;<\/p>\n\n\n\n<p>Die Ganztagsschule endet um 16:00 Uhr. Bis 16:30 Uhr m\u00fcssen alle Kinder abgeholt sein, da sie sonst vor dem Schulgeb\u00e4ude warten m\u00fcssen.<\/p>\n\n\n\n<p>Es ist auch m\u00f6glich, die Kinder nach der Lernstunde (14:20 Uhr) abzuholen.<\/p>\n\n\n\n<p>Grunds\u00e4tzlich gibt es zwei m\u00f6gliche Abholzeiten: 14:20 Uhr und 16:00 Uhr. Sollte euer Kind schon fr\u00fcher von der GTS abgeholt werden m\u00fcssen, bitte im Vorhinein der Freizeitbetreuerin Bescheid geben. <\/p>\n\n\n\n<p>Kosten: <br>Nachmittagsbetreuung \u20ac6,25 \/Tag<br>Mittagessen \u20ac5,70 \/ Tag<\/p>\n\n\n\n<p>Besuch der NABE nur an einem Tag in der Woche<br>monatl. \u20ac25,- + Essen 4 x \u20ac5,70 = \u20ac22,80<br><br>Besuch der NABE an vier Tagen in der Woche<br>monatl. \u20ac100,- + Essen 16 x \u20ac5,70 = \u20ac91,20<\/p>\n\n\n\n<p>Anmeldung:<br>Den ausgef\u00fcllten Anmeldebogen bitte in der Direktion abgeben.<br>Abmeldung ist nur zu Semester bzw. Ende des Schuljahres m\u00f6glich.<\/p>\n\n\n\n<p>Der Kostenbeitrag muss auf jeden Fall bis Semester bzw. Endes des Schuljahres geleistet werden.<\/p>\n\n\n\n<div data-wp-interactive=\"core\/file\" class=\"wp-block-file\"><object data-wp-bind--hidden=\"!state.hasPdfPreview\" hidden class=\"wp-block-file__embed\" data=\"https:\/\/vs-waldzell.at\/wp-content\/uploads\/2025\/05\/Anmeldung-schulische-Nachmittagsbetreuung_neu.pdf\" type=\"application\/pdf\" style=\"width:100%;height:600px\" aria-label=\"Einbettung von Anmeldung-schulische-Nachmittagsbetreuung_neu.\"><\/object><a id=\"wp-block-file--media-adb14dc1-c6d0-483c-81ba-1c05e9570838\" href=\"https:\/\/vs-waldzell.at\/wp-content\/uploads\/2025\/05\/Anmeldung-schulische-Nachmittagsbetreuung_neu.pdf\">Anmeldung-schulische-Nachmittagsbetreuung_neu<\/a><a href=\"https:\/\/vs-waldzell.at\/wp-content\/uploads\/2025\/05\/Anmeldung-schulische-Nachmittagsbetreuung_neu.pdf\" class=\"wp-block-file__button wp-element-button\" download aria-describedby=\"wp-block-file--media-adb14dc1-c6d0-483c-81ba-1c05e9570838\">Herunterladen<\/a><\/div>\n","protected":false},"excerpt":{"rendered":"<p>Die Ganztagsschule wird in diesem Schuljahr von Montag bis Donnerstag angeboten. Es ist m\u00f6glich, die Kinder auch nur tageweise zur Ganztagsschule anzumelden. Die GTS startet immer in der 2. Schulwoche und endet in der vorletzten Schulwoche. Ablauf:Die Ganztagsschule beginnt mit dem Unterrichtsende (11:30 oder 12:25 Uhr). Unsere Freizeitbetreuerin vom Hilfswerk beaufsichtigt die Kinder in dieser &hellip; <a href=\"https:\/\/vs-waldzell.at\/?page_id=51\" class=\"more-link\"><span class=\"screen-reader-text\">Ganztagsschule<\/span> weiterlesen <span class=\"meta-nav\">&rarr;<\/span><\/a><\/p>\n","protected":false},"author":1,"featured_media":0,"parent":0,"menu_order":0,"comment_status":"closed","ping_status":"closed","template":"","meta":{"footnotes":""},"class_list":["post-51","page","type-page","status-publish","hentry"],"_links":{"self":[{"href":"https:\/\/vs-waldzell.at\/index.php?rest_route=\/wp\/v2\/pages\/51","targetHints":{"allow":["GET"]}}],"collection":[{"href":"https:\/\/vs-waldzell.at\/index.php?rest_route=\/wp\/v2\/pages"}],"about":[{"href":"https:\/\/vs-waldzell.at\/index.php?rest_route=\/wp\/v2\/types\/page"}],"author":[{"embeddable":true,"href":"https:\/\/vs-waldzell.at\/index.php?rest_route=\/wp\/v2\/users\/1"}],"replies":[{"embeddable":true,"href":"https:\/\/vs-waldzell.at\/index.php?rest_route=%2Fwp%2Fv2%2Fcomments&post=51"}],"version-history":[{"count":15,"href":"https:\/\/vs-waldzell.at\/index.php?rest_route=\/wp\/v2\/pages\/51\/revisions"}],"predecessor-version":[{"id":730,"href":"https:\/\/vs-waldzell.at\/index.php?rest_route=\/wp\/v2\/pages\/51\/revisions\/730"}],"wp:attachment":[{"href":"https:\/\/vs-waldzell.at\/index.php?rest_route=%2Fwp%2Fv2%2Fmedia&parent=51"}],"curies":[{"name":"wp","href":"https:\/\/api.w.org\/{rel}","templated":true}]}}

<p>Die Ganztagsschule wird in diesem Schuljahr von Montag bis Donnerstag angeboten. Es ist möglich, die Kinder auch nur tageweise zur Ganztagsschule anzumelden. Die GTS startet immer in der 2. Schulwoche und endet in der vorletzten Schulwoche.</p>



<p><strong>Ablauf</strong>:<br>Die Ganztagsschule beginnt mit dem Unterrichtsende (11:30 oder 12:25 Uhr). Unsere Freizeitbetreuerin vom Hilfswerk beaufsichtigt die Kinder in dieser Zeit. Gemeinsam gehen dann alle Kinder in die Ausspeisung der MS zum Mittagessen.<br>In der Regel wird von 13:30 &#8211; 14:20 Uhr eine gegenstandsbezogene Übungsphase von einer Lehrperson betreut (schulstufenübergreifend). Die Kinder bleiben in dieser Zeit im Klassenzimmer und müssen sich, wenn sie früher fertig sind, still beschäftigen: lesen, Lernwörter üben, malen, 1&#215;1 wiederholen, &#8230;</p>



<p>Die Ganztagsschule endet um 16:00 Uhr. Bis 16:30 Uhr müssen alle Kinder abgeholt sein, da sie sonst vor dem Schulgebäude warten müssen.</p>



<p>Es ist auch möglich, die Kinder nach der Lernstunde (14:20 Uhr) abzuholen.</p>



<p>Grundsätzlich gibt es zwei mögliche Abholzeiten: 14:20 Uhr und 16:00 Uhr. Sollte euer Kind schon früher von der GTS abgeholt werden müssen, bitte im Vorhinein der Freizeitbetreuerin Bescheid geben. </p>



<p>Kosten: <br>Nachmittagsbetreuung €6,25 /Tag<br>Mittagessen €5,70 / Tag</p>



<p>Besuch der NABE nur an einem Tag in der Woche<br>monatl. €25,- + Essen 4 x €5,70 = €22,80<br><br>Besuch der NABE an vier Tagen in der Woche<br>monatl. €100,- + Essen 16 x €5,70 = €91,20</p>



<p>Anmeldung:<br>Den ausgefüllten Anmeldebogen bitte in der Direktion abgeben.<br>Abmeldung ist nur zu Semester bzw. Ende des Schuljahres möglich.</p>



<p>Der Kostenbeitrag muss auf jeden Fall bis Semester bzw. Endes des Schuljahres geleistet werden.</p>



<div data-wp-interactive="core/file" class="wp-block-file"><object data-wp-bind--hidden="!state.hasPdfPreview" hidden class="wp-block-file__embed" data="https://vs-waldzell.at/wp-content/uploads/2025/05/Anmeldung-schulische-Nachmittagsbetreuung_neu.pdf" type="application/pdf" style="width:100%;height:600px" aria-label="Einbettung von Anmeldung-schulische-Nachmittagsbetreuung_neu."></object><a id="wp-block-file--media-adb14dc1-c6d0-483c-81ba-1c05e9570838" href="https://vs-waldzell.at/wp-content/uploads/2025/05/Anmeldung-schulische-Nachmittagsbetreuung_neu.pdf">Anmeldung-schulische-Nachmittagsbetreuung_neu</a><a href="https://vs-waldzell.at/wp-content/uploads/2025/05/Anmeldung-schulische-Nachmittagsbetreuung_neu.pdf" class="wp-block-file__button wp-element-button" download aria-describedby="wp-block-file--media-adb14dc1-c6d0-483c-81ba-1c05e9570838">Herunterladen</a></div>

<p>Die Ganztagsschule wird in diesem Schuljahr von Montag bis Donnerstag angeboten. Es ist möglich, die Kinder auch nur tageweise zur Ganztagsschule anzumelden. Die GTS startet immer in der 2. Schulwoche und endet in der vorletzten Schulwoche. Ablauf:Die Ganztagsschule beginnt mit dem Unterrichtsende (11:30 oder 12:25 Uhr). Unsere Freizeitbetreuerin vom Hilfswerk beaufsichtigt die Kinder in dieser &hellip; <a href="https://vs-waldzell.at/?page_id=51" class="more-link"><span class="screen-reader-text">Ganztagsschule</span> weiterlesen <span class="meta-nav">&rarr;</span></a></p>
