{"id":391,"date":"2023-10-12T10:40:04","date_gmt":"2023-10-12T10:40:04","guid":{"rendered":"https:\/\/vs-waldzell.at\/?page_id=391"},"modified":"2023-10-12T10:42:07","modified_gmt":"2023-10-12T10:42:07","slug":"2022-23","status":"publish","type":"page","link":"https:\/\/vs-waldzell.at\/?page_id=391","title":{"rendered":"2022\/23"},"content":{"rendered":"\n<h2 class=\"wp-block-heading\">Schulfest<\/h2>\n\n\n\n<p>Am 26. Juni fand das Schulfest der VS Waldzell statt. Bei sch\u00f6nstem Wetter wurden die Projekte der Atelierstunden pr\u00e4sentiert. Die Schauspielgruppe f\u00fchrte unter der Leitung von Ulrike Wetzlmaier und Renate B\u00f6gl-Gruber das Musical &#8222;K\u00e4fer &amp; Co.&#8220; auf. Die Kinder der Turngruppe zeigten ihr K\u00f6nnen unter der Leitung von Madlen Knauseder und Jasmin Litzlbauer im Turnsaal.  Auch die Kinder der Experimentengruppe f\u00fchrten einige spannende Experimente unter der Leitung von Tanja Priller und Selina Esterer vor. Die Kochgruppe haben leckere Br\u00f6tchen und Kekse mit Martha Pirklbauer, Maria Nobis und Valentina Brandstetter vorbereitet. Die Kinder der Naturwerkstatt verkauften unter der Leitung von Clara Hofmann und Tanja Hohensinn ihre selbstgezogenen Pflanzen und selbstgebastelten Werkst\u00fccke. <\/p>\n\n\n\n<p>Das Schulfest war ein voller Erfolg f\u00fcr alle Beteiligten. Mit dem Erl\u00f6s des Festes werden neue Spielger\u00e4te f\u00fcr den Schulgarten angekauft.<\/p>\n\n\n\n<figure class=\"wp-block-image size-full\"><img loading=\"lazy\" decoding=\"async\" width=\"891\" height=\"599\" src=\"https:\/\/vs-waldzell.at\/wp-content\/uploads\/2023\/07\/Schulfest-1.png\" alt=\"\" class=\"wp-image-362\" srcset=\"https:\/\/vs-waldzell.at\/wp-content\/uploads\/2023\/07\/Schulfest-1.png 891w, https:\/\/vs-waldzell.at\/wp-content\/uploads\/2023\/07\/Schulfest-1-300x202.png 300w, https:\/\/vs-waldzell.at\/wp-content\/uploads\/2023\/07\/Schulfest-1-768x516.png 768w\" sizes=\"auto, (max-width: 891px) 100vw, 891px\" \/><\/figure>\n\n\n\n<figure class=\"wp-block-image size-full\"><img loading=\"lazy\" decoding=\"async\" width=\"895\" height=\"794\" src=\"https:\/\/vs-waldzell.at\/wp-content\/uploads\/2023\/07\/Schulfest.png\" alt=\"\" class=\"wp-image-363\" srcset=\"https:\/\/vs-waldzell.at\/wp-content\/uploads\/2023\/07\/Schulfest.png 895w, https:\/\/vs-waldzell.at\/wp-content\/uploads\/2023\/07\/Schulfest-300x266.png 300w, https:\/\/vs-waldzell.at\/wp-content\/uploads\/2023\/07\/Schulfest-768x681.png 768w\" sizes=\"auto, (max-width: 895px) 100vw, 895px\" \/><\/figure>\n\n\n\n<h2 class=\"wp-block-heading\"><strong>Besuch vom Musikverein<\/strong><\/h2>\n\n\n\n<p>Am 23. Juni besuchte uns der Musikverein Waldzell. Auf spielerische Art und Weise lernten die Kinder die unterschiedlichsten Instrumente kennen. Anschlie\u00dfend durften die Kinder der 3. und 4. Klasse die mitgebrachten Instrumente ausprobieren. <\/p>\n\n\n\n<figure class=\"wp-block-image size-full\"><img loading=\"lazy\" decoding=\"async\" width=\"920\" height=\"366\" src=\"https:\/\/vs-waldzell.at\/wp-content\/uploads\/2023\/06\/Musikverein.png\" alt=\"\" class=\"wp-image-355\" srcset=\"https:\/\/vs-waldzell.at\/wp-content\/uploads\/2023\/06\/Musikverein.png 920w, https:\/\/vs-waldzell.at\/wp-content\/uploads\/2023\/06\/Musikverein-300x119.png 300w, https:\/\/vs-waldzell.at\/wp-content\/uploads\/2023\/06\/Musikverein-768x306.png 768w\" sizes=\"auto, (max-width: 920px) 100vw, 920px\" \/><\/figure>\n\n\n\n<figure class=\"wp-block-image size-full\"><img loading=\"lazy\" decoding=\"async\" width=\"795\" height=\"529\" src=\"https:\/\/vs-waldzell.at\/wp-content\/uploads\/2023\/06\/Musikverein-1.png\" alt=\"\" class=\"wp-image-358\" srcset=\"https:\/\/vs-waldzell.at\/wp-content\/uploads\/2023\/06\/Musikverein-1.png 795w, https:\/\/vs-waldzell.at\/wp-content\/uploads\/2023\/06\/Musikverein-1-300x200.png 300w, https:\/\/vs-waldzell.at\/wp-content\/uploads\/2023\/06\/Musikverein-1-768x511.png 768w\" sizes=\"auto, (max-width: 795px) 100vw, 795px\" \/><\/figure>\n\n\n\n<h2 class=\"has-large-font-size wp-block-heading\">Lesenacht<\/h2>\n\n\n\n<p>Ende Juni fand f\u00fcr die 2.-Kl\u00e4ssler eine Lesenacht statt. Nachdem alle Kinder im Turnsaal ihre Schlafpl\u00e4tze vorbereitet haben, wurde gemeinsam Pizza gegessen. Danach begann das gro\u00dfe Lesen. Es wurde vorgelesen, alleine gelesen, in Tandems gelesen, im Stehen\/Sitzen\/Liegen und im Gehen gelesen. Auch das Lesen im Dunkeln mit der Taschenlampe durfte nat\u00fcrlich nicht fehlen. Au\u00dferdem l\u00f6sten alle Kinder ein Lesequiz und es wurde zwischendurch auch viel gequatscht, gelacht und gespielt. Am n\u00e4chsten Morgen bekamen wir von den Eltern ein leckeres Fr\u00fchst\u00fcck geliefert. Es war eine sehr spannende, aufregende und lustige Lesenacht! <\/p>\n\n\n\n<figure class=\"wp-block-image size-full\"><img loading=\"lazy\" decoding=\"async\" width=\"883\" height=\"703\" src=\"https:\/\/vs-waldzell.at\/wp-content\/uploads\/2023\/06\/Lesenacht-Foto.png\" alt=\"\" class=\"wp-image-351\" srcset=\"https:\/\/vs-waldzell.at\/wp-content\/uploads\/2023\/06\/Lesenacht-Foto.png 883w, https:\/\/vs-waldzell.at\/wp-content\/uploads\/2023\/06\/Lesenacht-Foto-300x239.png 300w, https:\/\/vs-waldzell.at\/wp-content\/uploads\/2023\/06\/Lesenacht-Foto-768x611.png 768w\" sizes=\"auto, (max-width: 883px) 100vw, 883px\" \/><\/figure>\n\n\n\n<figure class=\"wp-block-image size-full\"><img loading=\"lazy\" decoding=\"async\" width=\"887\" height=\"483\" src=\"https:\/\/vs-waldzell.at\/wp-content\/uploads\/2023\/06\/Lesenacht-Foto-1.png\" alt=\"\" class=\"wp-image-352\" srcset=\"https:\/\/vs-waldzell.at\/wp-content\/uploads\/2023\/06\/Lesenacht-Foto-1.png 887w, https:\/\/vs-waldzell.at\/wp-content\/uploads\/2023\/06\/Lesenacht-Foto-1-300x163.png 300w, https:\/\/vs-waldzell.at\/wp-content\/uploads\/2023\/06\/Lesenacht-Foto-1-768x418.png 768w\" sizes=\"auto, (max-width: 887px) 100vw, 887px\" \/><\/figure>\n\n\n\n<p><\/p>\n\n\n\n<p><\/p>\n\n\n\n<p class=\"has-large-font-size\"><strong>Helfi-Wettbewerb<\/strong><\/p>\n\n\n\n<figure class=\"wp-block-image size-full\"><img loading=\"lazy\" decoding=\"async\" width=\"772\" height=\"635\" src=\"https:\/\/vs-waldzell.at\/wp-content\/uploads\/2023\/05\/Taiskirchen.jpg\" alt=\"\" class=\"wp-image-346\" srcset=\"https:\/\/vs-waldzell.at\/wp-content\/uploads\/2023\/05\/Taiskirchen.jpg 772w, https:\/\/vs-waldzell.at\/wp-content\/uploads\/2023\/05\/Taiskirchen-300x247.jpg 300w, https:\/\/vs-waldzell.at\/wp-content\/uploads\/2023\/05\/Taiskirchen-768x632.jpg 768w\" sizes=\"auto, (max-width: 772px) 100vw, 772px\" \/><\/figure>\n\n\n\n<p>Einen besonderen Erfolg konnte die 3a unter der Leitung von Prof. Jasmin Litzlbauer und mit tatkr\u00e4ftiger Hilfe von Fr. Helm verbuchen. Beim Helfi-Wettbewerb in Taiskirchen stellten 12 Kinder in drei Gruppen ihr theoretisches und praktisches Erste-Hilfe-Wissen unter Beweis. Die &#8222;Helfi-Kids&#8220; qualifizierten sich mit einem tollen 3.Platz f\u00fcr den Landeswettbewerb in Wels!<\/p>\n\n\n\n<p>Wir gratulieren allen Teilnehmer*innen zu dieser gro\u00dfartigen Leistung!<\/p>\n\n\n\n<p class=\"has-large-font-size\"><strong>Besuch der Sportmesse<\/strong><\/p>\n\n\n\n<p class=\"has-text-align-left\">Am 24. M\u00e4rz besuchten 5 Klassen die Sportmesse in Ried. Die Kinder durften den ganzen Vormittag lang die verschiedensten Sportarten ausprobieren und hatten dabei sichtlich Spa\u00df.<\/p>\n\n\n\n<figure class=\"wp-block-image size-full\"><img loading=\"lazy\" decoding=\"async\" width=\"686\" height=\"882\" src=\"https:\/\/vs-waldzell.at\/wp-content\/uploads\/2023\/03\/Sportmesse-2.png\" alt=\"\" class=\"wp-image-338\" srcset=\"https:\/\/vs-waldzell.at\/wp-content\/uploads\/2023\/03\/Sportmesse-2.png 686w, https:\/\/vs-waldzell.at\/wp-content\/uploads\/2023\/03\/Sportmesse-2-233x300.png 233w\" sizes=\"auto, (max-width: 686px) 100vw, 686px\" \/><\/figure>\n\n\n\n<p><\/p>\n\n\n\n<p class=\"has-large-font-size\"><strong>Papa\u00b4s ganz gro\u00df !<\/strong><\/p>\n\n\n\n<p>In der Adventszeit durften wir einige Papa`s in unserer Klasse begr\u00fc\u00dfen.<br>Sie haben im Rahmen von Sachunterricht ihren Beruf vorgestellt.<br>Die Kinder durften die Arbeitsmaterialien selbstst\u00e4ndig ausprobieren und Fragen zu den Berufen stellen.<br>Wir erhielten Einblick in die verschiedensten Berufe: Maurer\/ Polier, Baumeister\/ Projektleiter, Dachdecker\/ Spengler, Fernmeldemonteur, Architekt, Tierarzt, EDV-Techniker, Zimmerer<\/p>\n\n\n\n<p>Wir bedanken uns recht herzlich bei den Papa\u00b4s f\u00fcr die gemeinsame Zeit!<\/p>\n\n\n\n<p>Die Regenbogenklasse 1a<\/p>\n\n\n\n<figure class=\"wp-block-image size-large\"><img loading=\"lazy\" decoding=\"async\" width=\"1024\" height=\"395\" src=\"https:\/\/vs-waldzell.at\/wp-content\/uploads\/2023\/03\/image-4-1024x395.png\" alt=\"\" class=\"wp-image-328\" srcset=\"https:\/\/vs-waldzell.at\/wp-content\/uploads\/2023\/03\/image-4-1024x395.png 1024w, https:\/\/vs-waldzell.at\/wp-content\/uploads\/2023\/03\/image-4-300x116.png 300w, https:\/\/vs-waldzell.at\/wp-content\/uploads\/2023\/03\/image-4-768x296.png 768w, https:\/\/vs-waldzell.at\/wp-content\/uploads\/2023\/03\/image-4.png 1061w\" sizes=\"auto, (max-width: 1024px) 100vw, 1024px\" \/><\/figure>\n\n\n\n<p><\/p>\n\n\n\n<p><\/p>\n\n\n\n<p class=\"has-large-font-size\"><strong>Erste Hilfe<\/strong><\/p>\n\n\n\n<p>Die Kinder der 3a \u00fcben schon seit Wochen eifrig f\u00fcr den bevorstehenden Helfi-Wettbewerb. Beim Bewerb am 14. April m\u00fcssen die Kinder theoretische Fragen zur Ersten Hilfe beantworten und in Kleingruppen an unterschiedlichen Stationen fachgerecht Verletzte versorgen.<\/p>\n\n\n\n<figure class=\"wp-block-image size-full\"><img loading=\"lazy\" decoding=\"async\" width=\"979\" height=\"843\" src=\"https:\/\/vs-waldzell.at\/wp-content\/uploads\/2023\/03\/image.png\" alt=\"\" class=\"wp-image-324\" srcset=\"https:\/\/vs-waldzell.at\/wp-content\/uploads\/2023\/03\/image.png 979w, https:\/\/vs-waldzell.at\/wp-content\/uploads\/2023\/03\/image-300x258.png 300w, https:\/\/vs-waldzell.at\/wp-content\/uploads\/2023\/03\/image-768x661.png 768w\" sizes=\"auto, (max-width: 979px) 100vw, 979px\" \/><\/figure>\n","protected":false},"excerpt":{"rendered":"<p>Schulfest Am 26. Juni fand das Schulfest der VS Waldzell statt. Bei sch\u00f6nstem Wetter wurden die Projekte der Atelierstunden pr\u00e4sentiert. Die Schauspielgruppe f\u00fchrte unter der Leitung von Ulrike Wetzlmaier und Renate B\u00f6gl-Gruber das Musical &#8222;K\u00e4fer &amp; Co.&#8220; auf. Die Kinder der Turngruppe zeigten ihr K\u00f6nnen unter der Leitung von Madlen Knauseder und Jasmin Litzlbauer im &hellip; <a href=\"https:\/\/vs-waldzell.at\/?page_id=391\" class=\"more-link\"><span class=\"screen-reader-text\">2022\/23<\/span> weiterlesen <span class=\"meta-nav\">&rarr;<\/span><\/a><\/p>\n","protected":false},"author":1,"featured_media":0,"parent":0,"menu_order":0,"comment_status":"closed","ping_status":"closed","template":"","meta":{"footnotes":""},"class_list":["post-391","page","type-page","status-publish","hentry"],"_links":{"self":[{"href":"https:\/\/vs-waldzell.at\/index.php?rest_route=\/wp\/v2\/pages\/391","targetHints":{"allow":["GET"]}}],"collection":[{"href":"https:\/\/vs-waldzell.at\/index.php?rest_route=\/wp\/v2\/pages"}],"about":[{"href":"https:\/\/vs-waldzell.at\/index.php?rest_route=\/wp\/v2\/types\/page"}],"author":[{"embeddable":true,"href":"https:\/\/vs-waldzell.at\/index.php?rest_route=\/wp\/v2\/users\/1"}],"replies":[{"embeddable":true,"href":"https:\/\/vs-waldzell.at\/index.php?rest_route=%2Fwp%2Fv2%2Fcomments&post=391"}],"version-history":[{"count":2,"href":"https:\/\/vs-waldzell.at\/index.php?rest_route=\/wp\/v2\/pages\/391\/revisions"}],"predecessor-version":[{"id":394,"href":"https:\/\/vs-waldzell.at\/index.php?rest_route=\/wp\/v2\/pages\/391\/revisions\/394"}],"wp:attachment":[{"href":"https:\/\/vs-waldzell.at\/index.php?rest_route=%2Fwp%2Fv2%2Fmedia&parent=391"}],"curies":[{"name":"wp","href":"https:\/\/api.w.org\/{rel}","templated":true}]}}